Let t = 1 - -1. Let s(i) = 7*i**2 + i + 2. What is the tens digit of s(t)?
3
Suppose -5*x + x = 32. Let b(k) = -4*k. Let o be b(5). Let t = x - o. What is the units digit of t?
2
Suppose -5*u + 16 = 3*r, 4*u - 17 = 3. Let b be 716/12 - 1/r. Suppose -6 = 2*y - 0, -4*y - b = -2*x. What is the tens digit of x?
2
Suppose 0 = -36*x + 6*x + 82950. What is the thousands digit of x?
2
Suppose -14*p = -13*p. Let i(l) = 1 + p - 5*l - 15*l. What is the tens digit of i(-1)?
2
Let a(z) = 8 - 69 + 36 - 13*z. What is the tens digit of a(-6)?
5
Let y(m) = 3*m**2 + 81*m - 142. What is the hundreds digit of y(-44)?
1
Let z(c) = c**3 - 16*c**2 - 53*c + 49. What is the hundreds digit of z(21)?
1
Let d(h) = 9*h**2 - 6*h + 6. Let v be d(3). Suppose -2*g + 2*i + 37 + v = 0, 3*g + 2*i - 154 = 0. What is the units digit of g?
2
Suppose -15 = -5*j + 5*n, -3*j + 2*n - 3*n = -29. Suppose -96*x = -89*x - 63. Suppose -x = 7*r - j*r. What is the units digit of r?
9
Let w(x) = -x**3 - 5*x**2 - 2*x + 3. Let y be w(-5). Suppose 4*d - y = 91. Suppose 4*m = -8*r + 4*r + 120, 0 = -m - 3*r + d. What is the units digit of m?
2
Let j be -8 - (-6)/(-2 - -5). Let p be (-240)/18 + 4/j. Let m = p - -20. What is the units digit of m?
6
Suppose 5*t - m - 14609 = 0, 0 = -41*t + 42*t - 2*m - 2920. What is the tens digit of t?
2
Let r(q) = -75*q - 23. What is the hundreds digit of r(-5)?
3
Suppose -9 = 3*n, -n + 59 + 64 = -3*a. Let p = -1 - a. Suppose -3*s + p + 4 = 0. What is the tens digit of s?
1
Let b be (-72)/(-15)*10/4. Suppose -4*n + b + 0 = 0. What is the tens digit of 27/2*4/n?
1
Suppose 4*v - w - 2349 = 0, 3*w - 6*w = 4*v - 2361. What is the tens digit of v?
8
Suppose -15655 - 6935 = -15*n. What is the thousands digit of n?
1
Let k = 966 - 355. Let v = -415 + k. What is the tens digit of v?
9
Let z be (-28)/6 - (-3)/(-9). Let w be -35 - (1 + 2) - 3. Let s = z - w. What is the units digit of s?
6
Let j(a) = a**2 + 11*a + 6. Let k be j(-8). What is the units digit of k/(-54) - (-112)/6?
9
Suppose -2*z = 3*g - 196 - 1520, 3*g - z = 1707. What is the tens digit of g?
7
Let r be 5/2*(7 + -5). Suppose 2 = 2*z + 4*j - 18, -5*z - r*j + 75 = 0. What is the units digit of z?
0
Suppose 4*f + 806 - 2978 = 0. What is the tens digit of f?
4
Suppose -3*w = -5*n + 723, -w - 116 = -n + 27. Suppose 24 = -3*f + n. What is the units digit of f?
1
Let a(n) = -3*n - 16. Let u be a(-12). Let d = u + -18. Suppose 0 = -2*i - 5*c + 55, 4*i + d*c = 67 + 35. What is the units digit of i?
5
Let y be (-22 + -3)*4/10. Let m(a) = -a**2 - 10*a + 13. What is the units digit of m(y)?
3
Let p be -1 + 1 - (16 - 12). What is the tens digit of (-43)/(((-1)/2)/((-2)/p))?
4
Suppose 17*i = 15*i. Suppose 0 = o + 4*v - 346, -4*o - 2*v - v + 1332 = i. What is the hundreds digit of o?
3
Suppose -55*o - 2774 = -57*o. What is the hundreds digit of o?
3
Let m = -43 + 40. What is the tens digit of (3 - m/((-27)/132))*-12?
4
Let h(r) = -2*r**2 - 5*r + 20. Let u be h(6). Let k = u + 120. What is the units digit of k?
8
Let j(f) be the first derivative of 9*f**2/2 + f - 3. Let q be j(1). Suppose q = s - 1. What is the tens digit of s?
1
Let g(q) = 7*q**2 - 82*q - 95. What is the hundreds digit of g(18)?
6
Suppose 17 = -4*f - 3*g, -5*f - 5*g + 1 = -2*f. Let k be (-1)/((f/(-4))/118). What is the tens digit of 4/1 - (k + -5)?
6
Suppose -3*d - 18 = -x, -4*d = -4*x + 29 + 3. Let p = 0 - d. Suppose 5*b - 9 = -p*v + 11, -4*b - 3*v + 19 = 0. What is the units digit of b?
7
Let g(t) = 23*t + 85. What is the tens digit of g(13)?
8
Let w(y) = y + 7. Let c = 34 + -32. What is the units digit of w(c)?
9
Let z be (-8)/(2 - 4) + (-12420)/(-15). What is the tens digit of ((-60)/(-66))/5 + z/22?
3
Let g(i) be the second derivative of -2*i**5/5 - i**4/6 + i**2 - 4*i. What is the units digit of g(-2)?
8
What is the units digit of ((-1058)/(-184))/(1/116)?
7
What is the hundreds digit of ((-123)/4)/(16200/(-1472) + 11)?
6
Let g be (1 + -6)*(-8)/(-10). What is the hundreds digit of g/5 + (-5031)/(-45)?
1
Let y(c) = 2*c**3 + 40*c**2 - 21*c - 2. What is the hundreds digit of y(-20)?
4
Let w = 422 + -207. What is the hundreds digit of w?
2
Suppose 62*n - 3 = 61*n. Suppose 8*m + n*m = 385. What is the tens digit of m?
3
Let m(s) = 3*s - 3 - 52*s**2 + 0*s + 24*s**2 + 29*s**2. Suppose 15 = 4*g + g. What is the units digit of m(g)?
5
Let c be (12/(-54))/((-2)/36). What is the units digit of 32 + 2/c*4?
4
Let u(x) = -2*x - 3. Let l be u(-3). Suppose -2*t = -3*t + l*q - 24, 2*q - 120 = 5*t. What is the units digit of ((-4)/(-2))/((-2)/t)?
4
Let a = -14 + 26. Suppose 7*q - a = 4*q. What is the units digit of q?
4
Let y(j) = j**3 + 10*j**2 + 17*j + 10. Let f be y(-7). Suppose -154 = -3*i + f. What is the tens digit of i?
6
Let j(n) = -n**2 - 9*n - 1. Let w be j(-9). What is the units digit of 1 + w + (32 - 10)?
2
Let z be 21/6 - (-6)/12. Let d(c) = 32*c + 26. Let y(g) = 11*g + 9. Let k(i) = 3*d(i) - 8*y(i). What is the units digit of k(z)?
8
Suppose q = -2*q. Suppose -3*h - 12 - 36 = q. What is the units digit of h/(-4)*46/8?
3
Let u(m) = m**3 - 22*m**2 - 22*m. Let f be u(23). Suppose p - 4 = f. What is the tens digit of p?
2
Suppose 4*w - 3*w + 692 = h, h = -4*w + 687. What is the hundreds digit of h?
6
Let v be (12 - 12)/(1 + 2). Suppose v = 2*j - 4, 5*j = 5*d - 2*d + 19. Let n(y) = -15*y + 3. What is the tens digit of n(d)?
4
Let c(l) = 53*l - 134. What is the hundreds digit of c(18)?
8
What is the units digit of (-1)/(52/(-1859)*1/12)?
9
Suppose 4*x + 22 = -2*l - 18, -l - 2 = 0. Suppose 5*f - 88 = 4*m, -m = -f + 14 + 7. Let a = x - m. What is the units digit of a?
8
Let b(x) = -x**3 + 8*x**2 + 2. Let o be b(8). Let m(w) = w - 23*w**3 - 23*w**o + 23*w**2. What is the units digit of m(-1)?
2
Suppose -6*d + 16 = -2*d. Suppose 4*t - 6*t + 16 = 3*i, -i = 3*t - 10. Suppose 0 = 3*h + 4*g - 86 - 41, -i*g + 168 = d*h. What is the units digit of h?
1
Suppose -3*q = -2*a - 18, 10 = 5*a - 5*q + 50. What is the hundreds digit of ((-4)/a)/(2/423)?
1
Let l = 121 + 423. What is the tens digit of l?
4
Let y(v) = -v**3 - v**2 - 19. Let a = 150 - 156. What is the tens digit of y(a)?
6
Let n(d) = d**3 - 12*d**2 + 13*d + 14. What is the units digit of n(11)?
6
Let q(s) = s**3 + 7*s**2 + 3*s - 2. Let v be q(-6). Suppose 19*j - v*j = 42. What is the units digit of 192/j - (-8)/28?
4
Let m = 7 - 7. Suppose m = -5*r, 3*o - 4 - 71 = -5*r. Suppose 2*z + d - 50 = -2*d, -2*d + o = z. What is the tens digit of z?
2
Let f(o) = 2*o**3 + 23*o**2 - 6*o. Let b(t) = -10*t**2 - t**2 + 3*t - 14*t**3 + 13*t**3. Let s(w) = 9*b(w) + 4*f(w). What is the tens digit of s(-8)?
4
Let h(v) = -2748*v - 162. What is the thousands digit of h(-1)?
2
Let m(f) = f**2 - 12*f + 2. Let g be m(12). Suppose -g*b = -b - 2. What is the tens digit of ((-27)/b)/(2/(-4))?
2
Let v = -49 - -51. Suppose -4*w + 425 = 3*s - 8*w, 2*s = -v*w + 274. What is the units digit of s?
9
Let u(t) = t**3 + 14*t**2 - 8*t + 3. Let d = 49 + -63. What is the units digit of u(d)?
5
Let i(c) = -c**3 + 5*c**2 + 5*c - 26. Let p be i(5). Let b(d) = -87*d**3 - 1. What is the units digit of b(p)?
6
What is the tens digit of 48/56*186*14/3?
4
Let t be 2 + (2 + 463 - (-7 - -6)). Suppose -24*s + 28*s = t. What is the hundreds digit of s?
1
Let w(y) = -2*y**3 - 12*y**2 - 6*y - 79. What is the hundreds digit of w(-10)?
7
What is the thousands digit of ((-1366)/(-2) - 13)/(2/5)?
1
What is the units digit of 318/(50/24 - 36/27)?
4
Suppose b + 3 - 5 = 0, 4*p - 2350 = -3*b. What is the units digit of p?
6
Suppose 45*b - 43*b = 14. Suppose -15 = 3*h, -4*x = b*h - 3*h - 824. What is the units digit of x?
1
Suppose -7*n + 5*n = -4, -5*g + 5*n = -2405. What is the tens digit of g?
8
Suppose 3*m + 2 + 10 = 0, -4*m + 16 = 4*t. Let x(d) = -10*d - d - t + 0*d + 2*d. What is the tens digit of x(-3)?
1
Let d(p) be the first derivative of 26*p**2 + 3*p + 7. What is the tens digit of d(1)?
5
Suppose -k - p = -3*p - 125, -4*k - 3*p = -555. What is the units digit of k?
5
Suppose -7*s - 6 - 36 = 0. What is the units digit of (700/30)/(s/(-45))?
5
Let m = 1356 + 857. What is the thousands digit of m?
2
Suppose 45*s - 30565 = 8090. What is the units digit of s?
9
Let w(s) = -7*s + 4. Let t(z) = 6*z + 22. Let a(k) = -3*k - 11. Let j(l) = 11*a(l) + 6*t(l). Let y be j(-5)